+ 27. Determine q(41).
-14
Let t(r) = -3*r**3 - 15*r**2 + 41*r + 3. Determine t(-7).
10
Let t(y) = -y**3 - 4*y**2 + 76*y + 449. Give t(-6).
65
Let n(l) = -10*l**2 - 192*l + 1140. Calculate n(-24).
-12
Let l(y) = 7*y**2 + 15*y - 19. Determine l(-8).
309
Let b(n) = n**2 - 81*n + 412. Give b(5).
32
Let x(u) = -u**2 + 194*u - 7569. Calculate x(54).
-9
Let i(j) = -j**3 - 71*j**2 + 149*j + 291. What is i(-73)?
72
Let b(m) = -8*m**2 + 39*m - 9. Give b(3).
36
Let q(z) = -38*z + 37. Determine q(-3).
151
Let t(h) = h**3 + 7*h**2 + 75*h + 635. Give t(-8).
-29
Let x(d) = -d**3 + 146*d**2 - 16*d + 2434. What is x(146)?
98
Let l(c) = -89*c - 4202. Calculate l(-47).
-19
Let y(r) = -13*r - 509. Give y(13).
-678
Let w(z) = 5*z**3 - 39*z**2 + 233*z - 1946. Determine w(8).
-18
Let j(g) = -5*g**2 + 19*g - 11. Determine j(6).
-77
Let s(t) = -3*t**3 - 20*t**2 - 21*t - 47. Determine s(-4).
-91
Let l(f) = 189*f - 1076. Calculate l(6).
58
Let r(z) = 20*z + 513. Determine r(-20).
113
Let q(m) = -142*m - 306. What is q(-2)?
-22
Let s(d) = -2503*d - 10011. What is s(-4)?
1
Let f(p) = 9*p + 352. Give f(-53).
-125
Let m(b) = -b**3 + 15*b**2 - 11*b + 110. Calculate m(13).
305
Let b(f) = -11*f - 1209. Calculate b(-115).
56
Let d(a) = -a**3 - 8*a**2 + 8*a + 102. Give d(-5).
-13
Let r(p) = p**3 + 37*p**2 + 116*p - 524. Determine r(-33).
4
Let n(k) = 170*k**3 + 6*k**2 + 26*k + 23. Calculate n(-1).
-167
Let x(i) = -15*i**2 - 199*i + 174. Calculate x(-14).
20
Let j(o) = o**2 - 47*o + 300. What is j(40)?
20
Let q(n) = -22*n + 44. Give q(0).
44
Let l(d) = 9442*d + 37764. What is l(-4)?
-4
Let n(y) = y**2 + 186*y - 10112. Give n(44).
8
Let c(d) = 13*d**3 - 3*d**2 + 2*d + 3. What is c(2)?
99
Let h(n) = -n**2 + 501*n + 10957. Determine h(-21).
-5
Let z(h) = 4*h**2 - 165*h - 478. Give z(44).
6
Let v(q) = 74*q - 3324. Give v(45).
6
Let g(r) = -48*r + 236. What is g(6)?
-52
Let c(q) = q**3 + 53*q**2 + 100*q + 5288. Give c(-53).
-12
Let s(x) = 150*x - 2106. Give s(14).
-6
Let l(t) = -70*t - 2234. What is l(-32)?
6
Let s(t) = -34*t + 1553. What is s(47)?
-45
Let w(o) = 1048*o + 10465. Give w(-10).
-15
Let l(w) = -w**3 - 51*w**2 - 105*w - 325. Determine l(-49).
18
Let p(l) = -l**2 - 139*l - 4284. Calculate p(-46).
-6
Let y(p) = -2*p**3 - 4*p**2 - 120*p + 237. Calculate y(2).
-35
Let v(i) = i**2 - 7*i - 287. What is v(-13)?
-27
Let w(q) = -65*q**2 - 524*q - 19. Calculate w(-8).
13
Let l(a) = a**2 - 25*a - 195. What is l(31)?
-9
Let u(x) = -x**3 - 77*x**2 - 226*x - 320. Give u(-74).
-24
Let a(w) = -w**2 - 31*w + 3888. What is a(-78)?
222
Let w(j) = -277*j - 3652. What is w(-13)?
-51
Let r(k) = -k**3 - 83*k**2 - 965*k + 14. Calculate r(-14).
0
Let m(i) = i**3 - 18*i**2 - 28*i - 37. Determine m(19).
-208
Let i(z) = -6*z**3 + 78*z**2 + 147*z - 8. Determine i(-2).
58
Let s(l) = -9*l**3 - 131*l**2 + 63*l + 27. What is s(-15)?
-18
Let z(u) = 12*u**2 - 72*u - 298. Calculate z(-4).
182
Let g(s) = 250*s - 1275. What is g(5)?
-25
Let b(s) = -9*s**2 + 132*s - 92. Calculate b(14).
-8
Let w(y) = -36*y + 412. Calculate w(12).
-20
Let z(m) = -50*m + 617. What is z(13)?
-33
Let r(s) = 86*s - 145. Determine r(5).
285
Let d(g) = -39*g - 3675. Give d(-94).
-9
Let l(m) = -m**3 - 56*m**2 - 113*m - 227. Give l(-54).
43
Let d(f) = 30*f + 1997. Calculate d(-67).
-13
Let x(z) = -z**2 + 257*z + 6405. Give x(-23).
-35
Let o(v) = 2*v**2 - 41*v + 4. Give o(18).
-86
Let t(o) = o**2 - 696*o - 3. Determine t(0).
-3
Let x(n) = -n**3 + 138*n**2 + 4072*n - 61. What is x(-25)?
14
Let a(v) = v**2 - 277*v + 18592. What is a(114)?
10
Let y(t) = -376*t - 12764. Calculate y(-34).
20
Let h(i) = -29*i - 2537. Give h(-88).
15
Let p(g) = 3*g**2 + 54*g - 6. What is p(-18)?
-6
Let y(z) = -z**3 + 61*z**2 - 57*z - 179. Determine y(60).
1
Let l(b) = -73*b + 2482. Calculate l(34).
0
Let i(m) = -22*m**2 + 27*m - 28. What is i(2)?
-62
Let j(k) = 116*k + 429. Determine j(0).
429
Let i(b) = -4*b**3 + 3*b**2 + 3*b - 8. Give i(3).
-80
Let z(k) = -27*k - 189. What is z(-7)?
0
Let u(l) = -l**3 - 4*l**2 + 3*l + 21. Determine u(-5).
31
Let z(g) = g**2 + 178*g + 6079. Give z(-46).
7
Let q(t) = 377*t - 7933. Calculate q(21).
-16
Let l(v) = -38*v + 150. What is l(4)?
-2
Let a(v) = -3*v**3 - 7*v**2 + v - 3. Give a(-4).
73
Let k(f) = -177*f**3 + 3*f**2. What is k(1)?
-174
Let q(d) = -d**3 - 3*d**2 - 2*d - 7. What is q(0)?
-7
Let t(o) = -o**3 + 6*o**2 + 8*o - 38. Determine t(6).
10
Let j(l) = -32*l - 972. Determine j(-29).
-44
Let t(a) = -13*a**2 - 9*a + 908. What is t(8)?
4
Let b(c) = 3*c**3 + 44*c**2 + 121*c + 19. What is b(-11)?
19
Let y(x) = -x**2 - 147*x - 1233. What is y(-9)?
9
Let n(m) = 473*m + 25549. Calculate n(-54).
7
Let l(b) = 310*b + 3076. What is l(-10)?
-24
Let b(v) = -v**2 - 630*v - 3124. Give b(-5).
1
Let z(m) = 46*m**3 + 2*m**2 + 12*m + 22. Determine z(-2).
-362
Let m(y) = 13*y - 60. What is m(-7)?
-151
Let k(z) = z**2 + 19*z - 13. What is k(-11)?
-101
Let l(a) = 6*a**2 - 56*a + 10. Determine l(9).
-8
Let j(s) = -s**2 + 370*s - 8012. Calculate j(23).
-31
Let m(c) = 1675*c + 48576. What is m(-29)?
1
Let q(t) = -25*t**2 - 97*t + 6. Give q(-4).
-6
Let h(d) = -d**2 - 55*d - 218. Determine h(-4).
-14
Let u(m) = m**3 + 41*m**2 + 2*m - 310. Calculate u(-41).
-392
Let x(r) = 246*r + 5924. What is x(-24)?
20
Let v(p) = 5919*p + 177578. Determine v(-30).
8
Let y(x) = -5*x**2 + 873*x - 547. Give y(174).
-25
Let w(q) = -q**2 - 289*q - 562. What is w(-2)?
12
Let t(v) = -8*v**2 - 28*v + 1. Calculate t(-4).
-15
Let i(b) = -9*b - 453. Determine i(-37).
-120
Let t(m) = -7*m**2 - 109*m - 1125. Determine t(-11).
-773
Let s(y) = -248*y - 459. Give s(-2).
37
Let f(w) = -4*w**2 - 731*w + 914. Determine f(-184).
-6
Let h(s) = -10*s**2 - 291*s + 207. Determine h(-31).
-382
Let b(u) = -u**3 - 25*u**2 - 29*u + 139. Calculate b(-24).
259
Let b(x) = -x**3 - 24*x**2 + 115*x + 324. Give b(-2).
6
Let z(d) = -2*d**2 - 37*d - 17. Give z(-5).
118
Let f(w) = -45*w + 1207. Determine f(25).
82
Let c(i) = -3*i**2 - 57*i + 772. Calculate c(-28).
16
Let b(h) = h**3 + h**2 - 3*h + 48. Determine b(-7).
-225
Let q(x) = 5*x**2 + 100*x + 132. Determine q(-18).
-48
Let n(a) = 61*a**2 - 613*a + 22. Calculate n(10).
-8
Let o(z) = 9*z**2 + 436*z - 1179. Calculate o(-51).
-6
Let r(y) = -y**3 + 25*y**2 + 21*y + 183. Determine r(27).
-708
Let s(t) = -2*t**2 - 108*t + 853. What is s(-61)?
-1
Let s(f) = -f**2 - 2174*f + 15281. Calculate s(7).
14
Let d(k) = 996*k + 58770. Calculate d(-59).
6
Let m(f) = -f**2 + 150*f + 9260. What is m(197)?
1
Let b(v) = -v**3 - 158*v**2 + 283*v - 5908. Determine b(-160).
12
Let s(y) = -22*y - 567. Determine s(-29).
71
Let m(o) = 2*o**2 - 108*o + 988. Give m(42).
-20
Let d(i) = 419*i - 3290. Determine d(9).
481
Let y(n) = -196*n + 583. Give y(3).
-5
Let d(p) = -136*p - 149. Calculate d(-2).
123
Let t(p) = -p**3 + 27*p**2 + 108*p - 248. What is t(30)?
292
Let n(a) = -164*a - 2547. Give n(-14).
-251
Let k(u) = -2*u**2 + 14*u + 97. Calculate k(15).
-143
Let u(d) = 31*d**3 + 2513*d**2 + 164*d + 134. Calculate u(-81).
-28
Let j(z) = -2*z**3 - 135*z**2 - 211*z - 902. Give j(-66).
-44
Let m(y) = -y**3 + 102*y**2 + 104*y - 114. Give m(103).
-11
Let t(d) = -9*d**3 + 179*d**2 + 20*d + 16. What is t(20)?
16
Let p(n) = n**3 - 55*n**2 + 720*n + 535. What is p(32)?
23
Let t(c) = -203*c + 2746. Give t(13).
107
Let u(w) = 4*w**3 - 33*w**2 - 106*w - 56. What is u(11)?
109
Let q(c) = -7*c + 22. What is q(3)?
1
Let p(t) = -4*t**2 - 119*t - 396. Determine p(-26).
-6
Let v(i) = i**2 + 99*i + 1846. Determine v(-24).
46
Let t(f) = -3830*f - 53616. Determine t(-14).
4
Let t(z) = -z**2 + 40*z - 9. Determine t(40).
-9
Let w(k) = -k**2 - 2481*k + 144668. Calculate w(57).
2
Let q(c) = 2*c**2 - 1490*c + 4459. Determine q(3).
7
Let c(v) = 2*v**2 + 127*v + 1973. Give c(-36).
-7
Let d(g) = g**2 + 34*g - 1991. Determine d(-65).
24
Let h(b) = -120*b + 2883. Determine h(24).
3
Let b(f) = -37*f**2 + 3*f + 4. Give b(-1).
-36
Let o(w) = -4394*w + 35139. What is o(8)?
-13
Let z(u) = 2*u**3 + 3*u**2 - 108*u - 16. Determine z(-8).
16
Let b(s) = -s**2 - 28*s + 760. What is b(17)?
-5
Let z(b) = -137*b**2 - 1643*b - 30. Calculate z(-12).
-42
Let d(q) = 6*q**3 + 20*q**2 - 3534*q + 56. Calculate d(-26).
4
Let n(l) = -2*l**3 + 22*l + 8. Give n(4).
-32
Let w(v) = 3*v**2 - 143*v - 3625. Calculate w(66).
5